s 86091 prime?
False
Is 87088627 prime?
True
Is 257291 composite?
True
Is 1960109 a composite number?
True
Is 13047191 prime?
False
Is 77449319 a composite number?
False
Is 2632043 prime?
False
Is 26208179 prime?
True
Is 8508127 a composite number?
False
Is 8129053 prime?
False
Is 2114113 a prime number?
True
Is 905148659 a prime number?
True
Is 32294953 prime?
False
Is 186572679 a prime number?
False
Is 18165859 a composite number?
True
Is 1178141 composite?
False
Is 7410401 composite?
True
Is 39410633 a composite number?
False
Is 59608435 a prime number?
False
Is 24267863 composite?
False
Is 586691045 prime?
False
Is 10791419 prime?
True
Is 90787897 a composite number?
True
Is 137514437 prime?
True
Is 35140043 a prime number?
True
Is 6945749 a prime number?
True
Is 1660553 prime?
True
Is 9988909 a prime number?
False
Is 74645267 a prime number?
True
Is 144124699 composite?
False
Is 2334639 a composite number?
True
Is 1046989 a prime number?
False
Is 103833511 a composite number?
False
Is 18394553 a prime number?
False
Is 272969 composite?
True
Is 1049599 composite?
False
Is 46017187 a prime number?
True
Is 64424497 prime?
False
Is 7294493 a prime number?
False
Is 140952813 prime?
False
Is 8221705 prime?
False
Is 563249 a prime number?
True
Is 6887854 a prime number?
False
Is 296881679 composite?
False
Is 9665341 prime?
False
Is 4711831 a composite number?
False
Is 4921349 composite?
False
Is 542395169 a prime number?
False
Is 3361693 composite?
True
Is 56080711 prime?
True
Is 49607699 a prime number?
True
Is 7932611 composite?
True
Is 34095521 a composite number?
True
Is 2653757 a prime number?
False
Is 316947 prime?
False
Is 9093713 a prime number?
True
Is 40861717 composite?
True
Is 2332883 a prime number?
False
Is 2780527 prime?
True
Is 660531161 composite?
False
Is 5160899 a prime number?
False
Is 135122003 composite?
True
Is 91909969 a prime number?
True
Is 1761 prime?
False
Is 41285549 a prime number?
True
Is 2466511 prime?
False
Is 16457467 prime?
False
Is 29623523 prime?
True
Is 18193879 a composite number?
True
Is 1114529 prime?
False
Is 1388587 a composite number?
False
Is 95674357 prime?
True
Is 34783103 prime?
False
Is 20913557 a prime number?
False
Is 112127179 a composite number?
False
Is 1051139 a composite number?
False
Is 70079 a prime number?
True
Is 18949873 a composite number?
True
Is 237437194 composite?
True
Is 4671167 prime?
True
Is 3261311 prime?
False
Is 24251873 a prime number?
True
Is 370779983 a prime number?
False
Is 877739 composite?
False
Is 3413357 composite?
False
Is 169859 prime?
True
Is 500491 composite?
True
Is 6857927 composite?
False
Is 20280539 composite?
True
Is 13671731 composite?
True
Is 291511027 a prime number?
False
Is 4209053 prime?
False
Is 603389 prime?
True
Is 2202173 a prime number?
False
Is 1193347 a composite number?
True
Is 122639191 prime?
False
Is 1969147 a prime number?
True
Is 128291509 a prime number?
False
Is 18058091 a composite number?
False
Is 258259811 a prime number?
True
Is 17735581 composite?
True
Is 117442063 a prime number?
True
Is 54346003 composite?
True
Is 30133511 composite?
False
Is 41049157 composite?
True
Is 32966663 a prime number?
False
Is 240363919 a prime number?
False
Is 5429643 prime?
False
Is 1871951 a prime number?
True
Is 7838158 composite?
True
Is 1430707 prime?
True
Is 606877 composite?
True
Is 178832649 prime?
False
Is 3844067 a composite number?
False
Is 3911849 prime?
True
Is 13544963 prime?
False
Is 10323501 composite?
True
Is 36865943 composite?
False
Is 51470239 a prime number?
False
Is 3981347 composite?
True
Is 21911509 composite?
False
Is 379762423 a composite number?
False
Is 739237651 a composite number?
False
Is 25759661 a composite number?
False
Is 12085517 prime?
True
Is 1456913 a composite number?
True
Is 34717843 a composite number?
True
Is 847567 composite?
True
Is 106585507 prime?
False
Is 991772101 composite?
False
Is 15341333 composite?
True
Is 451201 prime?
True
Is 1488557 composite?
True
Is 128765587 a composite number?
True
Is 281022457 a composite number?
True
Is 30124847 a prime number?
False
Is 5335201 prime?
False
Is 57611663 a composite number?
False
Is 610157 a prime number?
True
Is 441568769 a prime number?
False
Is 616093 a prime number?
False
Is 18470747 composite?
False
Is 10684759 composite?
False
Is 213249059 a composite number?
False
Is 10483463 prime?
True
Is 9454787 a prime number?
False
Is 1075021 composite?
False
Is 10331729 prime?
False
Is 868603 composite?
False
Is 8808859 a composite number?
False
Is 1528589 composite?
True
Is 2173715 composite?
True
Is 8356745 a prime number?
False
Is 548627359 prime?
False
Is 2878229 a composite number?
False
Is 335919 composite?
True
Is 32832697 prime?
False
Is 98608123 a prime number?
True
Is 11169353 a prime number?
False
Is 2438759 composite?
True
Is 406499 a composite number?
False
Is 5684627 a prime number?
False
Is 75412397 a composite number?
False
Is 26994551 a composite number?
False
Is 34795141 composite?
True
Is 1294561 prime?
True
Is 16697489 prime?
True
Is 53945 prime?
False
Is 33668351 a prime number?
True
Is 2839637 a composite number?
True
Is 239981279 composite?
False
Is 8883233 composite?
True
Is 2362637 prime?
True
Is 360714101 a composite number?
True
Is 14390111 composite?
True
Is 364411 a composite number?
False
Is 12751591 a prime number?
False
Is 515844863 prime?
True
Is 710599 a prime number?
True
Is 2781577 a composite number?
False
Is 1374265 a prime number?
False
Is 12198905 a composite number?
True
Is 242123 prime?
False
Is 56789 composite?
True
Is 604177 prime?
False
Is 2016787 prime?
True
Is 2908261 a prime number?
True
Is 202806673 a composite number?
True
Is 2463953 prime?
False
Is 151585519 a composite number?
True
Is 4363927 a prime number?
True
Is 45906533 composite?
True
Is 2987877 composite?
True
Is 162058301 prime?
True
Is 139481233 a prime number?
False
Is 254489 a prime number?
True
Is 50820977 a composite number?
True
Is 44417539 composite?
True
Is 148629847 a prime number?
False
Is 164365967 a composite number?
False
Is 618347 composite?
False
Is 1773221 a prime number?
False
Is 5618269 prime?
True
Is 1081631 prime?
True
Is 58831 prime?
True
Is 147308627 a composite number?
False
Is 15245827 prime?
True
Is 23799773 a prime number?
True
Is 154861 prime?
False
Is 18701531 prime?
True
Is 3371549 a prime number?
False
Is 13891153 a composite number?
False
Is 370517441 composite?
True
Is 2523263 composite?
True
Is 282245981 prime?
True
Is 12122443 prime?
True
Is 2669763 prime?
False
Is 18905707 a prime number?
False
Is 372343901 composite?
False
Is 18567427 a prime number?
False
Is 38382815 a prime number?
False
Is 2512501 a prime number?
True
Is 523316021 prime?
True
Is 835007 a composite number?
True
Is 36151495 a composite number?
True
Is 23904589 a prime number?
True
Is 10451603 a prime number?
False
Is 23992663 a composite number?
False
Is 722633 a composite number?
False
Is 41417407 a composite number?
False
Is 4996577 prime?
False
Is 17965729 a prime number?
True
Is 343787 prime?
True
Is 153313 a prime number?
True
Is 24380539 a prime number?
False
Is 15136337 prime?
True
Is 22249501 prime?
True
Is 365403113 a composite number?
False
Is 24805919 a composite number?
False
Is 5530793 a prime number?
False
Is 33469262 prime?
False
Is 7512893 a composite number?
False
Is 257914439 a prime number?
True
Is 33968906 prime?
False
Is 29622581 a prime number?
True
Is 38215959 composite?
True
Is 5696023 a prime number?
False
Is 475481 a prime number?
False
Is 310415827 a composite number?
False
Is 9722953 prime?
False
Is 197633759 a prime number?
True
Is 8661097 a composite number?
True
Is 5341201 a prime number?
False
Is 22111433 a composite number?
False
Is 24364903 a prime number?
True
Is 3398023 a prime number?
False
Is 62916547 composite?
False
Is 2744839 a prime number?
False
Is 1512923 prime?
True
Is 109837549 a prime number?
True
Is 5123897 composite?
True
Is 261238151 a composite number?
True
Is 3035507 prime?
True
Is 2751083 prime?
True
Is 302671 a composite number?
True
Is 1257946 composite?
True
Is 36772081 prime?
False
Is 295209269 a prime number?
False
Is 3611761 composite?
False
Is 10745437 a prime number?
False
Is 424722211 